Let m be t(-5). Let k(p) = -28*p - 2. Calculate the remainder when k(m) is divided by 3549/182 - (-2)/(-4).
16
Suppose 190*v + 540 = 185*v. Calculate the remainder when 83 is divided by 16/(-3)*243/v.
11
Suppose -2*b + 22 = b + 4*k, b + 3*k = 14. Suppose -2*y + 4 = 0, -b*r - 7 = -r - 5*y. Suppose n + 310 = r*n. Calculate the remainder when n is divided by 39.
38
Suppose 0 = w - 2*j + 8 - 53, 3*w - 135 = -2*j. Let x(t) = 7*t - 8. Calculate the remainder when w is divided by x(2).
3
What is the remainder when 1290 is divided by 345 - (1 + (-12 - -14))?
264
Let k(u) = 22*u - 17. Let j be k(1). Suppose -3*p + 6*p - j*q - 163 = 0, 2*q + 110 = 2*p. Calculate the remainder when p is divided by 26.
4
Let g = 104 - -29. Suppose 4*w = -n + g, -w + 4*n + 30 = n. Calculate the remainder when 113 is divided by w.
14
Suppose s = 2*g + 83 + 78, 5*g = -4*s + 527. Calculate the remainder when s is divided by 143.
0
Suppose 4 = -4*y, -n + 3*y - 968 + 3120 = 0. What is the remainder when n is divided by 45?
34
Let n be (-40 + -15)*(0 + -9*1). Let x = n - 481. What is the remainder when 34 is divided by x?
6
Let j = 13 + 11. Let r = -29 + j. What is the remainder when 63 is divided by (-56)/35*r*2?
15
Let u(l) = -l**3 - 14*l**2 - 11*l + 34. What is the remainder when 885 is divided by u(-13)?
5
Let w be (-2)/(108/57 + -2). Suppose w = 2*a - a. Suppose -189 = -36*f + 34*f - l, -2*l - 450 = -5*f. Calculate the remainder when f is divided by a.
16
Suppose -2*o + 122 = 4*y, -o + 3 = 6. Let z = y - 20. Suppose -80 + 212 = 4*l. What is the remainder when l is divided by z?
9
Suppose 69678 = 109*q - 47*q + 64*q. Calculate the remainder when q is divided by 547.
6
Suppose 2*t + 2 = -0. Suppose -3*r - 2*z + 59 = 0, 76*r - 3*z = 78*r - 41. Calculate the remainder when t/4 - 1156/(-16) is divided by r.
15
Suppose 48 = 2*g + 4*h, -2*h + 60 = 110*g - 107*g. What is the remainder when 1240 is divided by g?
16
Let c = 7586 - 2294. Suppose -21*k + c = 6*k. What is the remainder when k is divided by 11?
9
Suppose -76*k - 5298 + 67735 = -11283. Calculate the remainder when k is divided by 42.
4
Let z = 92 + -70. Suppose -z - 23 = -3*m. Calculate the remainder when -1 + -1 - (-46 + 0) is divided by m.
14
Let y(m) = 56*m**2 - 199*m - 9. Calculate the remainder when 576 is divided by y(4).
30
Let o(p) = -796*p**3 + 19*p + 1594*p**3 + 23 - 797*p**3 + 19*p**2. Calculate the remainder when 31 is divided by o(-18).
1
Let t = -9737 + 10582. Calculate the remainder when t is divided by 121.
119
Let p(l) = -l + 6. Let j be p(4). Suppose -194 = j*w + 28. Let a = -78 - w. Calculate the remainder when a is divided by 18.
15
Let q = -762 - -825. Calculate the remainder when 174 is divided by q.
48
Let u = 1844 - 1827. Let z = 73 - 16. What is the remainder when z is divided by u?
6
Suppose 2*k = -0*k + 20. Let h(s) = -s**2 - 35*s + 301. What is the remainder when h(-41) is divided by k?
5
Calculate the remainder when 547 is divided by (-57)/19*(295/(-21) + 2/(-7)).
31
Let v(x) = 3 + 2 + 8*x**3 - 4*x**2 - 2*x - 9*x**3 - 3. Let k be v(-4). Suppose k = 2*o - 46. What is the remainder when 55 is divided by o?
27
Let g(y) = 4*y**2 - 33*y - 176. What is the remainder when 359 is divided by g(14)?
67
Suppose 3*a + 12 = 7*a. Suppose -10*n + 234 = a*n. Suppose 23*o + n = 24*o. Calculate the remainder when 33 is divided by o.
15
Suppose -4*b + 130 = 2*y, 0 = -12*y + 14*y + 2*b - 132. What is the remainder when y is divided by 36?
31
Let h be 3/15 - 18/(-10). Suppose 0 = -5*i + h*i + 36. Let v(o) = 3*o**2 + 43*o + 20. Calculate the remainder when v(0) is divided by i.
8
Suppose -3*a - 13 = -2*o, 6*o = 3*o - 5*a + 10. Suppose -5*h = 3*d - 106, -o*h - 15*d + 121 = -17*d. What is the remainder when 79 is divided by h?
10
Suppose -4*j - 520 = 9*j. Calculate the remainder when (2 - j)/(6/4) is divided by 3.
1
Let n = 4246 + -1491. Calculate the remainder when n is divided by 10.
5
Let m(l) = -l**3 - 6*l**2 - 3*l - 3. Let q be m(-4). Let j = -12 - q. What is the remainder when 2/(-5) - ((-972)/30 + -9) is divided by j?
8
Let x(a) = 222*a + 1344. Calculate the remainder when 586 is divided by x(-6).
10
Let m = -7507 - -7737. What is the remainder when 898 is divided by m?
208
Let w be 1/(((-2)/6 - -4) + -4). What is the remainder when 56 is divided by w + (-80)/(-6) - 3/9?
6
Let y(t) = 3*t**3 - 3 + t**2 - 2*t**3 + 5*t**2. Let o(r) = 4*r**2 + 3*r - 3. What is the remainder when o(3) is divided by y(-5)?
20
Let z(m) = -m**2 - 7*m - 9. Suppose 2*t - 5*t = 4*b + 25, 5*t - 15 = -b. Let h be z(b). Let w = h + 55. What is the remainder when 62 is divided by w?
14
Suppose 63*y + 5*t + 728 = 64*y, 3*t + 2844 = 4*y. What is the remainder when y is divided by 232?
12
Suppose -1 = 2*a - 3. Let m(f) = -f**3 + 11*f**2 + 27*f - 345. Calculate the remainder when m(10) is divided by a.
0
Let k = 1098 + -56. What is the remainder when k is divided by 516?
10
Let h(d) = 8*d**2 + 10*d + 5. Let y be h(-4). Let z = y + -91. Suppose 5*n = o + 48, z*n + 0*o - o - 18 = 0. Calculate the remainder when n is divided by 7.
3
Let j = 580 - 150. Let c = j - 395. What is the remainder when 61 is divided by c?
26
Let n = -5 - -5. Suppose -5*y + 5*q + 250 = n, 3*y + 2*y - q = 254. Let b(s) = 3*s**2. What is the remainder when y is divided by b(-3)?
24
Suppose -11025 - 8564 = -209*r + 19076. What is the remainder when 362 is divided by r?
177
Suppose -4*n = 5*v - 5*n + 380, -3*v - 251 = 4*n. Let w = -22 - v. What is the remainder when w is divided by 14?
13
Let g = -4941 + 5367. What is the remainder when g is divided by 7?
6
Suppose o = -5*k + 95, -o - 4*o = -2*k + 38. What is the remainder when 349 is divided by k?
7
Let i = -103 - -99. Let u be (15/18)/(i/(-24)). Suppose 0 = 9*m - u*m + 5*x - 143, 2*m - 99 = 3*x. What is the remainder when 83 is divided by m?
41
Let z(y) = 34*y**2 - 10*y + 5. Let m = 501 + -499. What is the remainder when z(m) is divided by 29?
5
Let m = 3414 - 3269. What is the remainder when 347 is divided by m?
57
Let z(d) = 7 + 3983*d + 30 - 7970*d + 14 + 3988*d. Suppose 5*o = -t + 124, 0 = -3*o + 3*t + 56 + 22. What is the remainder when z(o) is divided by 16?
12
Let q(b) = -2*b**3 + 5*b**2 - 5*b - 5. Let a(x) = -3*x**3 - 243*x**2 - 231*x + 796. Calculate the remainder when q(-4) is divided by a(-80).
71
Let j(k) be the first derivative of k**4/4 + 19*k**3/3 - 17*k**2/2 + 66*k + 128. What is the remainder when 100 is divided by j(-20)?
4
Let d be (-18)/72 - -10*5/8. Suppose -8 - d = -7*o. Calculate the remainder when 2 is divided by o.
0
Suppose -160901 = -105*b + 126925 - 41076. Calculate the remainder when b is divided by 21.
19
What is the remainder when 879 is divided by (-91)/65 - -1 - 26*845/(-50)?
1
Let y = 18 - -101. Let z = 57 + -14. Suppose y = 2*v - z. Calculate the remainder when v is divided by 28.
25
Let c = 15900 + -15745. What is the remainder when 585 is divided by c?
120
Suppose -2349 = -21*t - 32*t + 7721. Calculate the remainder when t is divided by 105.
85
Suppose -3*z - 24*z - 12*z + 2535 = 0. Suppose -99 = -p - 2*p. Calculate the remainder when z is divided by p.
32
Let s = -565 + 5926. Calculate the remainder when s is divided by 383.
382
Suppose -4*w - 5*z + 307 = 0, 2*w - 4*z - 138 - 48 = 0. Calculate the remainder when 241 is divided by w.
75
Let b be 1*(-161)/1 - -4. Let i = -115 - b. Let f = 165 + -42. Calculate the remainder when f is divided by i.
39
Let o = 75 - 73. Suppose -3*t + 3*t = -o*t. Let s = 61 + t. Calculate the remainder when s is divided by 8.
5
Let l = -11 - -23. Let q be 0/(((-44)/33)/(4/(-6))). Suppose -h + 6*n + 24 = 8*n, -4*h - 4*n + 88 = q. What is the remainder when h is divided by l?
8
Suppose 2*f - l = 2*l + 22, 0 = 4*f + 5*l. Suppose 2*z = 4*r - 42, 0 = r + r + f*z - 15. Calculate the remainder when 46 is divided by r + 1 + (-10 - -12).
7
Let f be 3*(-91)/(-78)*4/(-7). Suppose 0*m = 5*m + 70. Calculate the remainder when 47 is divided by ((-25)/f)/((-7)/m).
22
Suppose -17 = -o + b + 7, -3*b = o - 20. Calculate the remainder when 916 is divided by o.
19
Suppose -86 = -5*a - 4*k, 5*a - 5*k = -0*k + 95. Suppose 82 = -8*z + 7*z. Let g = -48 - z. What is the remainder when g is divided by a?
16
Let q(p) = 3*p**2 + 5. Let i = -48 + 40. Let k be ((-3)/(-18))/(4/i)*9. Wha